second derivative of q**3/6 + 15*q**2/2 + q. Suppose 76*s + 84 = 64*s. Give l(s).
8
Let l(t) = 3*t - 20. Let z be l(7). Let s(h) be the first derivative of -1/3*h**3 + 3*h + z + 2*h**2. What is s(5)?
-2
Let i(b) = b**2 - 7*b - 7. Let v = -7 - -13. Give i(v).
-13
Let o = -1 - 4. Let h(q) = -q**3 - 7*q**2 - 7*q - 2. Calculate h(o).
-17
Let r be (2 - 1)/(-1 + (-6)/(-8)). Let p(j) = j**3 + 5*j**2 + 5*j + 1. Give p(r).
-3
Suppose -4*l = -11 - 5. Suppose 16 = 4*a - l*h, a - 4*h = -h + 8. Let s(k) = 3*k**2 + 6*k + 8 - 2*k**a - 2. Give s(-4).
-2
Let u(q) = -2*q**2 - 6*q - 3. Let h = 0 + 5. Suppose h*i = 3*i - 2. Let p be (4/(-6))/(i/(-6)). Calculate u(p).
-11
Suppose 14*q = 12*q - 8. Let p(u) = -u**3 - 4*u**2. Determine p(q).
0
Let m(t) be the second derivative of -t**4/12 + 2*t**3/3 - 2*t**2 + t. Suppose -5*j + 4*p = -21, 9*j - 5*p - 10 = 6*j. Calculate m(j).
-9
Let y(i) = -4*i**3 + 3*i**2 + i. Let r(k) = k**2. Let q(a) = -r(a) - y(a). Let t(g) = -16*g**3 + 17*g**2 + 5*g. Let h(c) = -9*q(c) - 2*t(c). What is h(1)?
-3
Let x(t) = 4*t**2 + 9*t - 4. Let z(h) be the first derivative of 5*h**3/3 + 5*h**2 - 3*h + 4. Let v(n) = 4*x(n) - 3*z(n). Calculate v(-5).
-12
Let v(h) = h**2 + 2. Let i(n) = 3*n - 21. Let y(g) = 5*g - 32. Let x(t) = -8*i(t) + 5*y(t). Let f be x(-8). Calculate v(f).
2
Let p be 2/5*40/16. Let j(n) = -2*n + 3. Let q(z) = -3*z + 4. Let r(t) = -4*j(t) + 3*q(t). Determine r(p).
-1
Let d(a) = -3 - 5*a + 2*a + a + a**2. Let w be 1 + -1 + -1 + 22. Let h be (-35)/w - (-1)/(-3). What is d(h)?
5
Let g(a) be the third derivative of -2/3*a**3 + 0 + 0*a - 3*a**2 - 1/60*a**5 - 7/24*a**4. What is g(-4)?
8
Let n(o) = -5*o**2 - 16. Let f(m) = m**2 + 3. Suppose -5*x - 28 = -p - 82, -2*x + 4*p = -18. Let g(l) = x*f(l) + 2*n(l). Calculate g(1).
2
Suppose 2*j = -4*d - 4, -2*d - 4*j - 11 = 3*d. Let v be (-3 + 5)/(d/3). Let o(h) = 2 + 6*h - 3 - 7*h**2 + 7 + 0 + h**3. Determine o(v).
6
Let v(h) be the first derivative of h**4/4 - 2*h**3 + 7*h**2/2 - 5*h + 2. Suppose 8 = 4*o, -2*o + 8 = 4*c - 3*c. What is v(c)?
-9
Let q(r) be the third derivative of -r**6/120 + r**5/15 - r**4/24 + 2*r**2. Let u = -10 - -23. Suppose -u = 5*s + 2, 21 = 3*f - 4*s. Calculate q(f).
6
Let z(u) = 21*u + 3. Let p(m) = -7*m - 1. Let g(i) = 17*p(i) + 6*z(i). Let w = 15 - 16. Calculate g(w).
-6
Let m be (-2)/(-2)*(11 + -2). Let u be 3/m + 2/(-6). Let k(h) be the first derivative of h**2/2 - h - 2. Determine k(u).
-1
Let y = -11 + 17. Let o(c) = -3 + c + c**2 - c - 5*c. What is o(y)?
3
Let t(z) be the first derivative of z**2/2 - 15*z + 5. Let o be t(12). Let y(g) = g**3 + 3*g**2 - 2*g + 4. What is y(o)?
10
Let a(b) = 4*b - 1. Let r = 14 - 0. Suppose -r + 6 = 4*i. Calculate a(i).
-9
Let w(m) = 25*m**2 - 2*m + 1. Let x be w(1). Suppose -2*c - x = -6*c. Let g(p) = -p + 6. What is g(c)?
0
Let t(y) = 13*y - 1 + 2 - 12*y - 13*y. Determine t(-1).
13
Let j(c) = -c**2 - 6*c + 6. Suppose 2 = 2*y + 3*g, 4*y + 2*g = -18 + 6. What is j(y)?
11
Let m(n) = n. Let r(l) = -3*l + 1. Let f(s) = 6*m(s) + r(s). Calculate f(-2).
-5
Let x(h) be the third derivative of h**6/60 - h**5/15 - h**3/6 + 9*h**2. Calculate x(3).
17
Let q(p) = p + 0*p + 2*p - 6*p. Determine q(-1).
3
Let w(y) = y**3 - 2*y**2 + 2*y - 1. Suppose -4*a = -0*u - 4*u - 8, 5*a - 20 = 0. Determine w(u).
3
Let f be (-190)/(-25) - (-6)/15. Let k(n) = n**3 - 9*n**2 + 7*n + 3. Calculate k(f).
-5
Let x(j) = 2*j + 8. Let y = -23 + 26. Let z be 1/6*y*-12. Calculate x(z).
-4
Let i = 235/908 - 2/227. Let c(z) be the first derivative of 2/3*z**3 + i*z**4 - 1/2*z**2 + 4 - z. Determine c(-1).
1
Let b(l) = l**3 + 2*l - 2. Let r(u) = -u**2. Let v(g) = b(g) + 4*r(g). Determine v(4).
6
Suppose -10 = -3*j + 17. Let o(g) = 3 + g + j + 0*g. Give o(-6).
6
Let o be 1*2 - (-595)/(-300). Let p(v) be the third derivative of -2/3*v**3 + 0*v - o*v**5 + 0 + v**2 + 1/6*v**4. Calculate p(4).
-4
Let k(y) = 0*y + 3*y + 2*y - 1. Let t(b) = -b**3 - 8*b**2 - 6*b + 6. Let z be t(-7). What is k(z)?
-6
Let o(u) = -u**3 - 6*u**2 + 7*u - 6. Suppose 4*p - 3*g + 10 + 21 = 0, -4*p = -5*g + 33. Determine o(p).
-6
Let i = -32 + 52. Let p be 115/i - (-2)/8. Let z(w) be the second derivative of w**4/12 - w**3 - 2*w**2 - w. What is z(p)?
-4
Let b(i) be the third derivative of 3*i**4/8 - i**3/6 + 11*i**2. Calculate b(1).
8
Let t = -16/9 - -41/18. Let s(i) be the first derivative of 2*i - 2 - t*i**2. What is s(0)?
2
Let f(r) = 7*r**2 - 19*r + 5. Let a(c) = -10*c**2 + 28*c - 7. Suppose h = 8 - 3. Let y(d) = h*a(d) + 7*f(d). Determine y(6).
6
Let o(y) = 17 - 18*y + y**2 + 10*y + 7*y. Give o(0).
17
Let q(w) = -w**3 + 7*w**2 - 4*w - 8. Suppose 5*x - 10 = 20. Let j be q(x). Let i(t) = -3*t**2 - 3*t**3 + 4 + 0*t**3 + 4*t**3 - 6*t. Give i(j).
-4
Suppose i - 4*f - 2 = -11, -4*i = 2*f. Let r be i - (1 + (-1 - 13)). Suppose r = -0*h + 3*h. Let k(x) = x - 3. What is k(h)?
1
Let p(k) = -k + 3. Let h(z) = z**3 + 10*z**2 - 12*z - 7. Let l(w) = w**3 + 7*w**2 + 7*w - 5. Let d be l(-6). Let j be h(d). Determine p(j).
-1
Let r = 14 + -5. Let d = r + -8. Let f(a) = -9*a**2 + 1. Calculate f(d).
-8
Let m(i) = 6*i**3 - 3*i**2 + 9*i + 2. Let o(x) = -x**3 + x**2 - x. Let k(c) = m(c) + 5*o(c). Let u(g) = -2*g**2 - 3*g. Let f be u(-2). Give k(f).
-6
Let u(r) = -36*r - r**2 + 18*r + 19*r. Let z = -2 - -10. Suppose 3*d = -3*g, -z*g = -3*d - 4*g - 14. Give u(d).
-6
Let c(n) = 6 - 4*n - n + 2*n. Suppose -3*b - 2*z = 34, -z - z - 10 = 0. Let a = b + 13. Determine c(a).
-9
Let k(g) = -g**2 - 6*g + 2. Suppose 26 - 42 = 4*y. Determine k(y).
10
Let r = 11 + -7. Let z be 19/r - 3/(-12). Let c(y) = 2*y + 2 + y**3 - 1 + y**2 - z*y**2. Calculate c(3).
-2
Let b(s) = s**2 + 4*s + 1. Let y(g) = 3*g - 6. Let o be y(6). Let j = o - 16. What is b(j)?
1
Let u = -52 - -53. Let i(l) = 3*l**3 + 5*l**2 - 4*l - 3. Let y(v) = -5*v**3 - 7*v**2 + 6*v + 4. Let j(c) = 7*i(c) + 5*y(c). What is j(u)?
-3
Let l(f) = f**2 + 5*f. Let a be (6/2)/(1/5). Suppose -2*t - 3*t - a = 0. Give l(t).
-6
Let m(x) = 3*x - 1. Let c be m(7). Suppose 3*o = -3*a + 2*a + c, -5*a + 35 = 2*o. Let u(l) = -l**3 + 6*l**2 - 4*l - 5. What is u(o)?
0
Let y = 2 - 0. Let r(m) = -6*m**3 + m + 2 - m**y - 6 + 3. Let q be (-2)/(-4) + 3/6. Calculate r(q).
-7
Let z(p) = -p - 5. Let h(b) = b + 6. Let k(u) = 3*h(u) + 4*z(u). What is k(-2)?
0
Let m be 1/(-4) + 33/(-12). Let g(q) = q**2 + 0*q**2 - 4*q + 7*q + 1. What is g(m)?
1
Suppose r = 3*r - 10. Let p(t) be the second derivative of 0 - 1/2*t**4 + 5/6*t**3 - 1/2*t**2 + 6*t + 1/20*t**5. What is p(r)?
-1
Let f(k) = -k + 5. Let h(z) = z - 3. Let m be h(7). Let y be 3/(-6)*0*1. Suppose 5*r - 23 = m*t, -3*r + 3 = 3*t - y. Determine f(r).
2
Let m(z) = -z**2 + 8*z - 8. Let w(g) be the first derivative of g**3 - 12*g**2 + 24*g - 8. Let r(x) = 17*m(x) + 6*w(x). Calculate r(7).
1
Let m(w) = 30 - 15 - 22 - w. What is m(-11)?
4
Let q = 2 + 1. Let l be 1*(0 - 1) - -3. Let g(n) = -2*n - 6 + 2 + l. Give g(q).
-8
Let b(f) = 1. Let w(x) = -5. Let k(s) = 4*b(s) + w(s). Let g(n) = n. Let q(i) = 2*g(i) - k(i). Give q(2).
5
Let f(v) = -v**2 - 12*v + 3. Let o(j) = -7*j + 86. Let z be o(14). Calculate f(z).
3
Let c(r) = 2*r + 1. Let n be (-4)/(-10)*(2 + -12). Suppose t = -3*d + 10, -2*d - 4*t - 8 - 2 = 0. Let b = n + d. What is c(b)?
3
Let i(f) = 19*f**2 + 3*f - 9. Let q(r) = 9*r**2 + r - 4. Let t(z) = -3*i(z) + 7*q(z). Determine t(-1).
7
Let r be -2 + 1 - 0/(-2). Let o(x) = -3*x**3 + 1. Give o(r).
4
Let a be (-42)/(-9) - (-8)/(-12). Let q(u) = -7*u**2 - 2*u - 2*u + 0*u**2 + a*u**2 - 2 - 2*u**3. What is q(-2)?
10
Let u(g) be the second derivative of 1/360*g**6 + 0*g**2 + 1/6*g**3 - 1/12*g**4 - g + 0 - 1/24*g**5. Let z(h) be the second derivative of u(h). What is z(4)?
-6
Let h(t) = -t**3 - 2*t**2 + 4*t + 3. Suppose -4*m = -3*k + 33, 3*k + m = 5*k - 27. Let i = k - 10. Suppose i*u - 2 = -17. Calculate h(u).
0
Let i(g) = -6*g**2 + 4*g - 2*g - 5 - 2*g**3 + 3*g**3. Suppose 3*v - 21 = -5*m - 0*v, -m - 3*v = 3. What is i(m)?
7
Suppose -5*w - 2*v = -0*w, 0 = -5*w - 3*v - 5. Let o(t) = 5*t**3 + t**3 - 7*t - 7*t**3 - 4*t**2 - 3 - 2*t**w. Give o(-5).
7
Suppose 1 = -2*q + 5. Let y(t) = -3*t**2 + 3*t - 1. Give y(q).
-7
Let m(k) = 0*k + 3*k**2 - 3*k + 3 - 2*k**2. Suppose -3*v = -3*a - 2*v + 1, v = -1. Suppose 2*i + 3*i - 15 = a. What is m(i)?
3
Let q(m) = -m**2 - 3*m - 6. 